cond derivative of 181*n**3/6 - 11*n**2 - 8*n. Let g be k(12). Suppose 2*f + g = 2*p, 4*p + 4*f + 1882 = 6166. Is p prime?
False
Let z(m) = 37*m**2 + 2*m. Let g be z(-2). Suppose 148*w - 4172 = g*w. Is w composite?
True
Let j = 143480 + -67311. Is j a composite number?
True
Let o = 123707 + -60060. Is o a composite number?
False
Let r(y) = 4522*y**2 - 200*y - 605. Is r(-3) composite?
False
Suppose 4*s + 3*s = 4*s. Let y(c) = -c**2 - 3*c + 5. Let d be y(s). Suppose 6*l - 3 = d*l. Is l composite?
False
Suppose -2*a + 0*a - 3*a = 0. Let j be (-13 - a) + (6 - (-56)/(-7)). Is (-6)/j*-194*(-30)/12 composite?
True
Suppose -2*b + 53764 = -5*p, 0*b - 2*p = 5*b - 134381. Suppose 0 = -5*w - l + 506761, -3*w = 2*l + b - 330928. Is w composite?
True
Suppose 0 = 2*c + c - 3111. Let f = 2350 - c. Is f a prime number?
False
Suppose 3*j + 4 = 5*s, -4*j - 2*s - 24 = -36. Suppose -z + 6*z - 2949 = -j*i, 1482 = i - 5*z. Is i composite?
True
Let b(j) = j**2 + j + 3871. Let r be b(0). Suppose 2*x = 5*w - 85 - 19264, -w + r = -x. Is w prime?
False
Let y(z) = 528*z**2 - 120*z + 67. Is y(-21) a composite number?
True
Let t = 233671 - -86932. Is t a composite number?
True
Let z = 29213 - -137430. Is z composite?
False
Suppose 0 = x - 3*p - 12, -4*x + 2*p + 21 = x. Let z = -173 + 177. Suppose 3*y - 7*y = z*m - 552, x*m - y - 430 = 0. Is m a composite number?
True
Let w = -33 - -43. Suppose 0 = w*p - 9*p - 1801. Is p a composite number?
False
Let j(u) = 45*u - 138. Let c be j(-12). Let s = -5515 - -3834. Let z = c - s. Is z prime?
False
Let y = 25 + -21. Let g = 2 + y. Is 10 + (-20)/g + 2/6 a prime number?
True
Suppose 0 = 3*p + 57*p - 1857180. Is p prime?
False
Suppose 98*w - 179464 = 90*w. Is w a prime number?
True
Suppose -o = 2*v - 55807, 5*v - 2*o - 34983 - 104539 = 0. Suppose -y + v = -85405. Is y prime?
False
Let n(g) = -2*g**2 + 37*g + 5. Let v be n(25). Let b = 943 + v. Is b a prime number?
False
Suppose -6*l + 1320076 = -2186750. Is l prime?
True
Let b(y) = y**3 - 3*y**2 - 7*y + 142297. Is b(0) a prime number?
True
Let f(o) = -113*o**2 + 12*o + 41. Let x(j) = -111*j**2 + 11*j + 43. Let q(n) = -3*f(n) + 2*x(n). Is q(-12) prime?
True
Suppose -47*v = 1086982 - 21944603 - 6348658. Is v a composite number?
False
Suppose 0 = -197*p + 79108969 - 7776648. Is p prime?
True
Let s(x) = x**3 + 8*x**2 - 7*x - 2. Let l be s(-7). Suppose 99*i = l*i + 25401. Is i a prime number?
True
Let u be -3*(-4)/(-24)*0. Let o be -3 - (1 - u)/((-3)/15). Is 2812/((-20)/(-5)) + 0/o a prime number?
False
Let x(z) = 7. Let i(j) = -j - 22. Let q(n) = 4*i(n) + 11*x(n). Let l(g) = 2*g + 5. Let v(f) = 13*l(f) + 6*q(f). Is v(6) a composite number?
False
Let k(t) = 8*t + 91. Let g be k(-11). Suppose r - 2123 = -x + 437, g*r = 2*x - 5105. Is x a composite number?
False
Let t(m) = m**3 + 28*m**2 + 2*m + 11. Let j be t(-28). Is 1/(-3) - 1680/j composite?
False
Let x = -139 - -142. Suppose k = 4*y - 6, -2*y - x*y - 3 = -3*k. Is 6/(-4)*((-2384)/k + 2) prime?
True
Let j = -136171 + 236438. Is j a composite number?
False
Let b(x) = -22*x + 1. Let l be b(2). Let w = l - -45. Suppose 3*g - w*u = 2*u + 329, 5*u + 440 = 4*g. Is g a prime number?
False
Suppose 0 = 5*j - 2*j - 15. Suppose -j*w - 534 + 89 = 0. Let c = w + 208. Is c composite?
True
Suppose 130*z - n = 134*z - 359839, 0 = -3*z + n + 269874. Is z a prime number?
True
Let y(q) = 52*q**2 - 5*q + 9. Let r be y(6). Suppose 0 = 3*n + 2*n + 10, -5*i - 3*n = r. Let o = i + 643. Is o prime?
False
Suppose -43124852 = -84*u + 26875120. Is u prime?
False
Let p = -1286 + 1484. Suppose -3*t - 45 - 327 = 0. Let z = p + t. Is z a composite number?
True
Let n = -4 + 6. Suppose 2*v - 388 = -0*v + 2*b, 0 = 2*v - b - 389. Is v - (-4 + n + -2) prime?
True
Suppose -3*y + 5*j + 451577 = 0, -3*j + 150539 = y + 2*j. Is y a prime number?
False
Suppose 0 = -25*f + 74 + 176. Suppose 1678 = f*o - 8*o. Is o a prime number?
True
Suppose -4*y - 5*w = -504574, -128166 - 124106 = -2*y - 5*w. Is y a composite number?
False
Let j = 18269 + -10750. Is j a prime number?
False
Let c(x) = -979*x - 5. Let w be c(-1). Suppose -2*j + 5*j - 7143 = -4*d, -4*d = -4*j + 9496. Suppose w = 3*m - j. Is m prime?
True
Let x(i) = -3*i**2 - 15*i + 4. Let h be x(-3). Suppose 25*j - h*j - 41487 = 0. Is j composite?
False
Let t(y) = y**3 - 11*y**2 - y - 24. Let i be t(11). Let x = 39 + i. Suppose -18672 + 4036 = -x*n. Is n a composite number?
False
Suppose -2*f - 5*g + 4862 = 0, -4854 = -2*f - 0*f - g. Let z = f - -2055. Is z prime?
True
Suppose -18*p + 4006310 + 406012 = 0. Is p a composite number?
False
Is (9/((-18)/(-79)))/(8/2384) prime?
False
Let q(o) = 14*o**2 - 8*o + 767. Is q(88) a composite number?
True
Let p = -25 + 9. Let q(m) = -2*m**3 - 11*m**2 + 46 - 31 - 15*m + m**3. Is q(p) a composite number?
True
Let y = -97822 + 368681. Is y a composite number?
False
Let j(l) = 13801*l**2 + 361. Is j(-12) a composite number?
True
Suppose -s + 11915 = 4*c, -s + 5*c + 11900 = 4*c. Is s prime?
True
Suppose 0 = 6*f + 103 - 199. Suppose -f*z + 1082 = -14*z. Is z a prime number?
True
Suppose 0 = 2*f + r + 1, 0*f - 2*f + 24 = -4*r. Is (9716 + 6)*f/4 prime?
True
Suppose 137230 = 33*s - 84*s + 904933. Is s a prime number?
True
Let o(n) = 8*n - 107. Let u be o(14). Suppose 4*l = 3*l + u*p + 3212, -3*l = 2*p - 9687. Is l a prime number?
False
Is (-8)/14*51004737/(-252) prime?
True
Suppose -15*m + 2973 = -12*m. Let r = -588 + m. Suppose 5*j - 3*q = 1762, -5*q - r = -j - 55. Is j a prime number?
True
Let c = -449729 - -714024. Is c composite?
True
Let g = -162180 + 275597. Is g composite?
False
Let l = 1968657 + -1376918. Is l a composite number?
False
Suppose -4*g = -7*g + 9. Suppose -3*h + 212 = -g*o - h, 2*o = 4*h - 144. Let b = 397 + o. Is b prime?
False
Let t(x) = -429*x - 18. Let p be t(6). Let v = 3903 + p. Suppose -2*i + 2*n + v = -i, i - 1307 = 3*n. Is i composite?
False
Let y(l) = -2*l**2 + 44*l - 38. Let o be y(21). Suppose -o*w = 14*r - 9*r - 4416, -5*w = r - 5541. Is w a prime number?
True
Let n(x) = -8*x**2 + 3*x. Let h be n(1). Let o be ((-45)/h - 3) + 4. Suppose -6*q - 3476 = -o*q. Is q prime?
False
Is 706774/3 - (-2)/(-6) prime?
True
Let o be 0/1*(-12)/(-24). Suppose 52*w - 575860 + 162928 = o. Is w a prime number?
False
Let z = -622 - -646. Suppose -148965 = -z*a + 5811. Is a composite?
False
Let d(z) = 2900*z**2 - 13*z + 97. Is d(8) composite?
False
Let k = -90 + 79. Let a be -2 - k/(11/482). Let y = a - -77. Is y composite?
False
Let m(y) be the second derivative of -3718*y**3/3 + 15*y**2/2 - 64*y - 1. Is m(-1) a prime number?
True
Let s be (-8)/28 - 302025/(-35). Suppose r = 5*c - 43200, 33*c - 34*c - 2*r = -s. Is c a composite number?
True
Let i(u) = -164*u - 20. Let d be i(-7). Suppose 17*k + 4778 = 19*k. Let y = k - d. Is y prime?
False
Let f(s) = -s**3 + 31*s**2 + 70*s + 19. Let m = -7 + 32. Is f(m) prime?
True
Let g(u) = -12*u + 10 - 122*u + 30*u + 15*u**2. Is g(21) prime?
True
Is (-10)/(-2) - (17 + -18)/(5/511090) a prime number?
False
Suppose 2*f + 2377 = l, -3*l - l + 9496 = 4*f. Suppose -3*t - 3*i = i - l, 1598 = 2*t - i. Is t composite?
False
Suppose 0 = -6*c + 222 - 198. Is c/18 + (-45605)/(-315) prime?
False
Let d = 7727 + -2936. Is d a composite number?
True
Suppose 20*g + 16081 = -23539. Let o = g + 3380. Is o prime?
True
Let z(r) = 14444*r**2 + 727*r + 17. Is z(-8) a composite number?
True
Let k = 957633 - -600496. Is k a prime number?
True
Let c be 4 + 530/(-45) + 2/(-9). Let f be (2 - 3) + (-7 - c). Suppose f = 11*u - 7*u - 23116. Is u prime?
True
Let a(w) = 1134*w + 15. Let n(q) = 1134*q + 14. Let d(u) = 5*a(u) - 4*n(u). Is d(6) composite?
False
Let t(p) = -p + 2. Let g be t(-4). Suppose -4124 = -10*l + g*l. Suppose -l = -4*z - m, 1488 = 5*z + 2*m + 203. Is z a composite number?
True
Let x(r) = 2613*r + 1160. Is x(23) a prime number?
False
Let p(j) = 17*j + 7. Suppose -3*u + 9 = 2*c - 241, 0 = -5*u + 4*c + 402. Let l = -62 + u. Is p(l) a composite number?
False
Let q(g) = 2*g**3 - 5 + 0*g - g**3 + 19*g**2 - 14 - 42*g. Suppose -12*x = -2*x + 180. Is q(x) composite?
False
Let n be (2/(-4))/((-5)/1940). Let k = n - 32. Suppose -k + 1055 = d. Is d a composite number?
True
Let v = 59 + -137. Let o = 2380 + v. Is o prime?
False
Let r(x) be the third derivative of 49*x**6/360 -